{"id":555,"date":"2014-08-04T13:21:53","date_gmt":"2014-08-04T13:21:53","guid":{"rendered":"http:\/\/www.musicosalimonda.com.br\/?page_id=555"},"modified":"2024-10-23T00:55:52","modified_gmt":"2024-10-23T02:55:52","slug":"sobre-2","status":"publish","type":"page","link":"https:\/\/www.musicosalimonda.com.br\/?page_id=555","title":{"rendered":"Biografia"},"content":{"rendered":"<h3 style=\"text-align: justify;\"><a href=\"http:\/\/www.musicosalimonda.com.br\/wp-content\/uploads\/2014\/01\/heitor_alimonda.jpg\"><img decoding=\"async\" loading=\"lazy\" class=\"alignright wp-image-33 size-thumbnail\" src=\"http:\/\/www.musicosalimonda.com.br\/wp-content\/uploads\/2014\/01\/heitor_alimonda-150x150.jpg\" alt=\"heitor_alimonda\" width=\"150\" height=\"150\" srcset=\"https:\/\/www.musicosalimonda.com.br\/wp-content\/uploads\/2014\/01\/heitor_alimonda-150x150.jpg 150w, https:\/\/www.musicosalimonda.com.br\/wp-content\/uploads\/2014\/01\/heitor_alimonda-298x300.jpg 298w, https:\/\/www.musicosalimonda.com.br\/wp-content\/uploads\/2014\/01\/heitor_alimonda.jpg 450w\" sizes=\"(max-width: 150px) 100vw, 150px\" \/><\/a><\/h3>\n<h2 style=\"text-align: left;\">Heitor Alimonda<\/h2>\n<p><\/p>\n<h3 style=\"text-align: justify;\">Nasceu em oito de dezembro de 1922. Graduado em piano pelo Conservat\u00f3rio Dram\u00e1tico Musical de S\u00e3o Paulo, 1941; Curso Superior de \u00d3rg\u00e3o pela Escola de M\u00fasica da Universidade Federal do Rio de Janeiro, 1977; P\u00f3s-Gradua\u00e7\u00e3o em Metodologia do Ensino do Piano pela Royal Academy of Music de Londres, 1960. Doutor pela Escola de M\u00fasica da UFRJ em 1952, onde ocupou a C\u00e1tedra em 1963, exercendo a carreira do magist\u00e9rio desde o ano de 1952. Compositor e concertista de reconhecida compet\u00eancia, al\u00e9m de ser dotado de um extraordin\u00e1rio humor e carisma. Autor de uma s\u00e9rie de obras musicais e da colet\u00e2nea&#8221; O Estudo do Piano: Elementos fundamentais da m\u00fasica e da t\u00e9cnica do piano em dez cadernos&#8221; pela Ricordi Brasileira.<\/h3>\n<p><\/p>\n\n\n<h2>JANELAS DA ESCOLA DE M\u00daSICA, por Heitor Alimonda<\/h2>\n\n\n\n<p>Heitor Alimonda foi um professor de piano apaixonado pela Escola de M\u00fasica da UFRJ (<a href=\"https:\/\/www.instagram.com\/escolademusicaufrj\/\" data-type=\"URL\" data-id=\"https:\/\/www.instagram.com\/escolademusicaufrj\/\">@escolademusicaufrj<\/a> ), e tamb\u00e9m pela arquitetura do seu pr\u00e9dio hist\u00f3rico na Lapa.<br \/>Aqui, apresentamos uma pequena exposi\u00e7\u00e3o virtual in\u00e9dita com uma sele\u00e7\u00e3o de fotos que ele tirou das janelas da Escola de M\u00fasica, vistas de dentro. Elas capturam momentos verdadeiramente po\u00e9ticos, que misturam a arquitetura e o design das janelas antigas, com as paisagens vistas l\u00e1 fora. As fotos mostram a Catedral Metropolitana e os famosos arcos da Lapa com diferentes luminosidades ao longo do dia, abrasileirando a ideia de Monet.<\/p>\n\n\n\n<figure class=\"is-layout-flex wp-block-gallery-1 wp-block-gallery has-nested-images columns-default is-cropped\">\n<figure class=\"wp-block-image size-large\"><a href=\"http:\/\/www.musicosalimonda.com.br\/wp-content\/uploads\/2024\/10\/WhatsApp-Image-2024-10-21-at-10.47.15-1.jpeg\"><img decoding=\"async\" loading=\"lazy\" width=\"1024\" height=\"1024\" data-id=\"1041\"  src=\"http:\/\/www.musicosalimonda.com.br\/wp-content\/uploads\/2024\/10\/WhatsApp-Image-2024-10-21-at-10.47.15-1-1024x1024.jpeg\" alt=\"\" class=\"wp-image-1041\" srcset=\"https:\/\/www.musicosalimonda.com.br\/wp-content\/uploads\/2024\/10\/WhatsApp-Image-2024-10-21-at-10.47.15-1-1024x1024.jpeg 1024w, https:\/\/www.musicosalimonda.com.br\/wp-content\/uploads\/2024\/10\/WhatsApp-Image-2024-10-21-at-10.47.15-1-300x300.jpeg 300w, https:\/\/www.musicosalimonda.com.br\/wp-content\/uploads\/2024\/10\/WhatsApp-Image-2024-10-21-at-10.47.15-1-150x150.jpeg 150w, https:\/\/www.musicosalimonda.com.br\/wp-content\/uploads\/2024\/10\/WhatsApp-Image-2024-10-21-at-10.47.15-1-768x768.jpeg 768w, https:\/\/www.musicosalimonda.com.br\/wp-content\/uploads\/2024\/10\/WhatsApp-Image-2024-10-21-at-10.47.15-1-1536x1536.jpeg 1536w, https:\/\/www.musicosalimonda.com.br\/wp-content\/uploads\/2024\/10\/WhatsApp-Image-2024-10-21-at-10.47.15-1.jpeg 1600w\" sizes=\"(max-width: 1024px) 100vw, 1024px\" \/><\/a><\/figure>\n\n\n\n<figure class=\"wp-block-image size-large\"><a href=\"http:\/\/www.musicosalimonda.com.br\/wp-content\/uploads\/2024\/10\/WhatsApp-Image-2024-10-21-at-10.47.15-2.jpeg\"><img decoding=\"async\" loading=\"lazy\" width=\"1024\" height=\"1024\" data-id=\"1042\"  src=\"http:\/\/www.musicosalimonda.com.br\/wp-content\/uploads\/2024\/10\/WhatsApp-Image-2024-10-21-at-10.47.15-2-1024x1024.jpeg\" alt=\"\" class=\"wp-image-1042\" srcset=\"https:\/\/www.musicosalimonda.com.br\/wp-content\/uploads\/2024\/10\/WhatsApp-Image-2024-10-21-at-10.47.15-2-1024x1024.jpeg 1024w, https:\/\/www.musicosalimonda.com.br\/wp-content\/uploads\/2024\/10\/WhatsApp-Image-2024-10-21-at-10.47.15-2-300x300.jpeg 300w, https:\/\/www.musicosalimonda.com.br\/wp-content\/uploads\/2024\/10\/WhatsApp-Image-2024-10-21-at-10.47.15-2-150x150.jpeg 150w, https:\/\/www.musicosalimonda.com.br\/wp-content\/uploads\/2024\/10\/WhatsApp-Image-2024-10-21-at-10.47.15-2-768x768.jpeg 768w, https:\/\/www.musicosalimonda.com.br\/wp-content\/uploads\/2024\/10\/WhatsApp-Image-2024-10-21-at-10.47.15-2-1536x1536.jpeg 1536w, https:\/\/www.musicosalimonda.com.br\/wp-content\/uploads\/2024\/10\/WhatsApp-Image-2024-10-21-at-10.47.15-2.jpeg 1600w\" sizes=\"(max-width: 1024px) 100vw, 1024px\" \/><\/a><\/figure>\n\n\n\n<figure class=\"wp-block-image size-large\"><a href=\"http:\/\/www.musicosalimonda.com.br\/wp-content\/uploads\/2024\/10\/WhatsApp-Image-2024-10-21-at-10.47.15.jpeg\"><img decoding=\"async\" loading=\"lazy\" width=\"1024\" height=\"936\" data-id=\"1040\"  src=\"http:\/\/www.musicosalimonda.com.br\/wp-content\/uploads\/2024\/10\/WhatsApp-Image-2024-10-21-at-10.47.15-1024x936.jpeg\" alt=\"\" class=\"wp-image-1040\" srcset=\"https:\/\/www.musicosalimonda.com.br\/wp-content\/uploads\/2024\/10\/WhatsApp-Image-2024-10-21-at-10.47.15-1024x936.jpeg 1024w, https:\/\/www.musicosalimonda.com.br\/wp-content\/uploads\/2024\/10\/WhatsApp-Image-2024-10-21-at-10.47.15-300x274.jpeg 300w, https:\/\/www.musicosalimonda.com.br\/wp-content\/uploads\/2024\/10\/WhatsApp-Image-2024-10-21-at-10.47.15-768x702.jpeg 768w, https:\/\/www.musicosalimonda.com.br\/wp-content\/uploads\/2024\/10\/WhatsApp-Image-2024-10-21-at-10.47.15-1536x1404.jpeg 1536w, https:\/\/www.musicosalimonda.com.br\/wp-content\/uploads\/2024\/10\/WhatsApp-Image-2024-10-21-at-10.47.15.jpeg 1600w\" sizes=\"(max-width: 1024px) 100vw, 1024px\" \/><\/a><\/figure>\n<\/figure>\n\n\n\n<p><\/p>\n\n\n\n<p>Tamb\u00e9m aparece a Igreja de Nossa Senhora do Carmo da Lapa\u00a0do\u00a0Desterro, onde Heitor ia esporadicamente para fazer preces solit\u00e1rias.<br \/>Segundo Simone Torres, Heitor \u201cgostava de ver a janela, e o que ele via atrav\u00e9s da janela\u201d, e essas fotos acabaram virando verdadeiras telas que unem dois mundos.<br \/>Tamb\u00e9m aparecem \u00e1rvores, que ele costumava pintar, o p\u00f4r do sol, e a Lapa \u00e0 noite.<br \/>Nessas fotos, os batentes das janelas hist\u00f3ricas convivem com os pianos dentro das salas, onde ele dava aulas.<\/p>\n\n\n\n<p>Curadoria: <a href=\"https:\/\/institutopianobrasileiro.com.br\/\" data-type=\"URL\" data-id=\"https:\/\/institutopianobrasileiro.com.br\/\">Alexandre Dias<\/a><\/p>\n\n\n\n<p>Agradecimentos a Paulo Alimonda pela autoriza\u00e7\u00e3o; e a Simone Torres pela digitaliza\u00e7\u00e3o das imagens.<\/p>\n\n\n\n<p>Acesse as 20 fotos neste link:<br \/><a href=\"https:\/\/www.instagram.com\/p\/DBW6k0jvfSG\/?igsh=dGhkbWwybDZycDM0\" target=\"_blank\" rel=\"noreferrer noopener\">https:\/\/www.instagram.com\/p\/DBW6k0jvfSG\/?igsh=dGhkbWwybDZycDM0<\/a><\/p>\n\n\n\n<p><\/p>\n\n\n\n<p><\/p>\n\n\n\n<figure class=\"wp-block-embed is-type-video is-provider-youtube wp-block-embed-youtube wp-embed-aspect-16-9 wp-has-aspect-ratio\"><div class=\"wp-block-embed__wrapper\">\n<iframe loading=\"lazy\" title=\"Heitor Alimonda - Trio 1960 (Trio da R\u00e1dio MEC)\" width=\"500\" height=\"281\" src=\"https:\/\/www.youtube.com\/embed\/BfiNyKM-8Ak?feature=oembed\" frameborder=\"0\" allow=\"accelerometer; autoplay; clipboard-write; encrypted-media; gyroscope; picture-in-picture; web-share\" referrerpolicy=\"strict-origin-when-cross-origin\" allowfullscreen><\/iframe>\n<\/div><\/figure>\n","protected":false},"excerpt":{"rendered":"<p>Heitor Alimonda Nasceu em oito de dezembro de 1922. Graduado em piano pelo Conservat\u00f3rio Dram\u00e1tico Musical de S\u00e3o Paulo, 1941; Curso Superior de \u00d3rg\u00e3o pela Escola de M\u00fasica da Universidade Federal do Rio de Janeiro, 1977; P\u00f3s-Gradua\u00e7\u00e3o em Metodologia do Ensino do Piano pela Royal Academy of Music de Londres, 1960. Doutor pela Escola de M\u00fasica da UFRJ em 1952, &hellip; <a class=\"meta-nav\" href=\"https:\/\/www.musicosalimonda.com.br\/?page_id=555\">Continue reading &rarr;<\/a><\/p>\n","protected":false},"author":1,"featured_media":0,"parent":12,"menu_order":0,"comment_status":"closed","ping_status":"closed","template":"","meta":[],"_links":{"self":[{"href":"https:\/\/www.musicosalimonda.com.br\/index.php?rest_route=\/wp\/v2\/pages\/555"}],"collection":[{"href":"https:\/\/www.musicosalimonda.com.br\/index.php?rest_route=\/wp\/v2\/pages"}],"about":[{"href":"https:\/\/www.musicosalimonda.com.br\/index.php?rest_route=\/wp\/v2\/types\/page"}],"author":[{"embeddable":true,"href":"https:\/\/www.musicosalimonda.com.br\/index.php?rest_route=\/wp\/v2\/users\/1"}],"replies":[{"embeddable":true,"href":"https:\/\/www.musicosalimonda.com.br\/index.php?rest_route=%2Fwp%2Fv2%2Fcomments&post=555"}],"version-history":[{"count":11,"href":"https:\/\/www.musicosalimonda.com.br\/index.php?rest_route=\/wp\/v2\/pages\/555\/revisions"}],"predecessor-version":[{"id":1044,"href":"https:\/\/www.musicosalimonda.com.br\/index.php?rest_route=\/wp\/v2\/pages\/555\/revisions\/1044"}],"up":[{"embeddable":true,"href":"https:\/\/www.musicosalimonda.com.br\/index.php?rest_route=\/wp\/v2\/pages\/12"}],"wp:attachment":[{"href":"https:\/\/www.musicosalimonda.com.br\/index.php?rest_route=%2Fwp%2Fv2%2Fmedia&parent=555"}],"curies":[{"name":"wp","href":"https:\/\/api.w.org\/{rel}","templated":true}]}}