{"id":7,"date":"2014-01-31T12:33:17","date_gmt":"2014-01-31T12:33:17","guid":{"rendered":"http:\/\/www.musicosalimonda.com.br\/?page_id=7"},"modified":"2014-12-18T11:10:30","modified_gmt":"2014-12-18T13:10:30","slug":"lydia-alimonda","status":"publish","type":"page","link":"http:\/\/www.musicosalimonda.com.br\/?page_id=7","title":{"rendered":"LYDIA ALIMONDA"},"content":{"rendered":"<p>&nbsp;<\/p>\n<h1 style=\"text-align: justify;\"><img decoding=\"async\" loading=\"lazy\" class=\"alignright wp-image-964 size-medium\" src=\"http:\/\/www.musicosalimonda.com.br\/wp-content\/uploads\/2014\/01\/Lydia-Alimonda_G-222x300.jpg\" alt=\"Lydia Alimonda_G\" width=\"222\" height=\"300\" srcset=\"http:\/\/www.musicosalimonda.com.br\/wp-content\/uploads\/2014\/01\/Lydia-Alimonda_G-222x300.jpg 222w, http:\/\/www.musicosalimonda.com.br\/wp-content\/uploads\/2014\/01\/Lydia-Alimonda_G.jpg 296w\" sizes=\"(max-width: 222px) 100vw, 222px\" \/>Pianista<\/h1>\n<p>&nbsp;<\/p>\n<h3 style=\"text-align: justify;\">Lydia Alimonda, como o seu irm\u00e3o, o pianista e compositor Heitor Alimonda, era conhecida n\u00e3o apenas pelas suas qualidades de int\u00e9rprete mas tamb\u00e9m pelo seu trabalho de difus\u00e3o cultural no Brasil e na Europa. Como coordenadora da se\u00e7\u00e3o cultural do Consulado Geral da \u00c1ustria realizava intenso trabalho de divulga\u00e7\u00e3o de valores musicais austr\u00edacos, um trabalho pelo qual seria posteriormente condecorada com a Cruz de Honra de Artes e Ci\u00eancias da \u00c1ustria.<\/h3>\n<h3 style=\"text-align: justify;\">Com o Duo Alimonda &#8211; criado em 1959 com a sua irm\u00e3, Alt\u00e9ia Alimonda -, e a participa\u00e7\u00e3o do violoncelista Calisto Corazza, executara, entre muitas outras obras, os trios de F. Schubert, inserindo-se assim em tradi\u00e7\u00e3o cultural de profundo significado para a identidade austr\u00edaca, sempre t\u00e3o marcada pelas &#8220;Schubertiadas&#8221;.<\/h3>\n<h3 style=\"text-align: justify;\">Esse v\u00ednculo da artista com o mundo centro-europeu de l\u00edngua alem\u00e3 tinha antigas ra\u00edzes. Ap\u00f3s ter recebido forma\u00e7\u00e3o na escola do professor e compositor Agostino Cant\u00f9 (1878-1943), em S\u00e3o Paulo, e ter-se aperfei\u00e7oado nos Estados Unidos, estudara m\u00fasica de c\u00e2mara em Zurique, com Paul Gr\u00fcmmer ,e, em Viena, piano com o internacionalmente renomado Bruno Seidlhofer. Aqui recebera forma\u00e7\u00e3o que a qualificou como profunda conhecedora da obra dos autores vienenses, assim como da cultura e da mentalidade austr\u00edacas. Ao mesmo tempo, dedicou-se \u00e0 divulga\u00e7\u00e3o da m\u00fasica brasileira em concertos radiof\u00f4nicos na Su\u00ed\u00e7a (Berom\u00fcnster) e na Alemanha (Stuttgart) nos anos posteriores \u00e0 Segunda Guerra.<br \/>\nJ\u00e1 nos concertos realizados na \u00e9poca constata-se uma particular aten\u00e7\u00e3o dada pela artista a obras que representavam um di\u00e1logo com a cultura popular tradicional do continente americano. N\u00e3o apenas executou obras de H. Villa-Lobos e Camargo Guarnieri mas tamb\u00e9m, em not\u00e1vel empreendimento, a\u00a0<i>Raps\u00f3dia negra<\/i>, de John Powell. Ali\u00e1s, tamb\u00e9m o seu irm\u00e3o possu\u00eda um particular v\u00ednculo com a cultura musical de outros pa\u00edses americanos, tendo atuado como professor no Paraguai. Para os observadores de iniciativas e de esfor\u00e7os de difus\u00e3o cultural, por\u00e9m, o que surgia como mais surpreendente n\u00e3o era a considera\u00e7\u00e3o de obras de compositores brasileiros j\u00e1 consagrados da est\u00e9tica nacionalista, mas sim o fato de a artista ter gravado os\u00a0<i>20 Cantos Caipiras<\/i>\u00a0de Ascendino Theodoro Nogueira (Chantecler), uma vez que ligava o seu nome aqui aos esfor\u00e7os de um compositor que procurava valorizar uma esfera cultural e s\u00f3cio-cultural ainda estigmatizada. A abertura da artista para o mundo da cultura caipira poderia talvez ser procurado na sua pr\u00f3pria origem interiorana, uma vez que nasceu na cidade de Araraquara. Ali\u00e1s, a cidade de Araraquara desempenhou papel significativo na hist\u00f3ria da m\u00fasica paulista do s\u00e9culo XX.<\/h3>\n","protected":false},"excerpt":{"rendered":"<p>&nbsp; Pianista &nbsp; Lydia Alimonda, como o seu irm\u00e3o, o pianista e compositor Heitor Alimonda, era conhecida n\u00e3o apenas pelas suas qualidades de int\u00e9rprete mas tamb\u00e9m pelo seu trabalho de difus\u00e3o cultural no Brasil e na Europa. Como coordenadora da se\u00e7\u00e3o cultural do Consulado Geral da \u00c1ustria realizava intenso trabalho de divulga\u00e7\u00e3o de valores musicais austr\u00edacos, um trabalho pelo qual &hellip; <a class=\"meta-nav\" href=\"http:\/\/www.musicosalimonda.com.br\/?page_id=7\">Continue reading &rarr;<\/a><\/p>\n","protected":false},"author":1,"featured_media":0,"parent":0,"menu_order":0,"comment_status":"closed","ping_status":"closed","template":"","meta":[],"_links":{"self":[{"href":"http:\/\/www.musicosalimonda.com.br\/index.php?rest_route=\/wp\/v2\/pages\/7"}],"collection":[{"href":"http:\/\/www.musicosalimonda.com.br\/index.php?rest_route=\/wp\/v2\/pages"}],"about":[{"href":"http:\/\/www.musicosalimonda.com.br\/index.php?rest_route=\/wp\/v2\/types\/page"}],"author":[{"embeddable":true,"href":"http:\/\/www.musicosalimonda.com.br\/index.php?rest_route=\/wp\/v2\/users\/1"}],"replies":[{"embeddable":true,"href":"http:\/\/www.musicosalimonda.com.br\/index.php?rest_route=%2Fwp%2Fv2%2Fcomments&post=7"}],"version-history":[{"count":8,"href":"http:\/\/www.musicosalimonda.com.br\/index.php?rest_route=\/wp\/v2\/pages\/7\/revisions"}],"predecessor-version":[{"id":966,"href":"http:\/\/www.musicosalimonda.com.br\/index.php?rest_route=\/wp\/v2\/pages\/7\/revisions\/966"}],"wp:attachment":[{"href":"http:\/\/www.musicosalimonda.com.br\/index.php?rest_route=%2Fwp%2Fv2%2Fmedia&parent=7"}],"curies":[{"name":"wp","href":"https:\/\/api.w.org\/{rel}","templated":true}]}}