{"id":320,"date":"2014-05-23T12:43:30","date_gmt":"2014-05-23T12:43:30","guid":{"rendered":"http:\/\/www.musicosalimonda.com.br\/?page_id=320"},"modified":"2014-09-05T13:58:21","modified_gmt":"2014-09-05T13:58:21","slug":"repertorio-a","status":"publish","type":"page","link":"http:\/\/www.musicosalimonda.com.br\/?page_id=320","title":{"rendered":"Repert\u00f3rio"},"content":{"rendered":"<!--[if lt IE 9]><script>document.createElement('audio');<\/script><![endif]-->\n\t<div class=\"wp-playlist wp-audio-playlist wp-playlist-light\">\n\t\t\t<div class=\"wp-playlist-current-item\"><\/div>\n\t\t<audio controls=\"controls\" preload=\"none\" width=\"640\"\n\t\t\t><\/audio>\n\t<div class=\"wp-playlist-next\"><\/div>\n\t<div class=\"wp-playlist-prev\"><\/div>\n\t<noscript>\n\t<ol>\n\t\t<li><a href='http:\/\/www.musicosalimonda.com.br\/wp-content\/uploads\/2014\/05\/01-Sonata-Opus-12.mp3'>Sonata n.1 Opus 12 - L.V.Beethoven<\/a><\/li><li><a href='http:\/\/www.musicosalimonda.com.br\/wp-content\/uploads\/2014\/05\/02-Allegro-Con-Brio.mp3'>Allegro Con Brio - L.V.Beethoven<\/a><\/li><li><a href='http:\/\/www.musicosalimonda.com.br\/wp-content\/uploads\/2014\/05\/03-Tema-Com-Varia\u00e7\u00f5es.mp3'>Tema Com Varia\u00e7\u00f5es Andante - L.V.Beethoven<\/a><\/li><li><a href='http:\/\/www.musicosalimonda.com.br\/wp-content\/uploads\/2014\/05\/04-Rond\u00f2_01.mp3'>Tema Com Varia\u00e7\u00f5es Andante - L.V.Beethoven<\/a><\/li><li><a href='http:\/\/www.musicosalimonda.com.br\/wp-content\/uploads\/2014\/05\/05-Rond\u00f2_02.mp3'>Tema Com Varia\u00e7\u00f5es Rond\u00f2 -  L.V.Beethoven<\/a><\/li><li><a href='http:\/\/www.musicosalimonda.com.br\/wp-content\/uploads\/2014\/05\/06-Rond\u00f2_03.mp3'>Tema Com Varia\u00e7\u00f5es Rond\u00f2 -  L.V.Beethoven<\/a><\/li><li><a href='http:\/\/www.musicosalimonda.com.br\/wp-content\/uploads\/2014\/05\/07-Chaconne.mp3'>Chaconne - J.S.Bach<\/a><\/li><li><a href='http:\/\/www.musicosalimonda.com.br\/wp-content\/uploads\/2014\/05\/08-Sonata_01.mp3'>Sonata - Claude Debussy<\/a><\/li><li><a href='http:\/\/www.musicosalimonda.com.br\/wp-content\/uploads\/2014\/05\/09-Sonata_02.mp3'>Sonata - Claude Debussy<\/a><\/li><li><a href='http:\/\/www.musicosalimonda.com.br\/wp-content\/uploads\/2014\/05\/10-Sonata_03.mp3'>Sonata - Claude Debussy<\/a><\/li><li><a href='http:\/\/www.musicosalimonda.com.br\/wp-content\/uploads\/2014\/05\/11-Fantasia.mp3'>Fantasia - Heitor Villa-Lobos<\/a><\/li><li><a href='http:\/\/www.musicosalimonda.com.br\/wp-content\/uploads\/2014\/05\/12-Lorenzo-Fernandes.mp3'>Romance - Lorenzo Fernandes<\/a><\/li><li><a href='http:\/\/www.musicosalimonda.com.br\/wp-content\/uploads\/2014\/05\/13-Rumanian.mp3'>Dan\u00e7as Romenas - Bela B\u00e1rtok<\/a><\/li><li><a href='http:\/\/www.musicosalimonda.com.br\/wp-content\/uploads\/2014\/05\/14-Bartok_02.mp3'>Dan\u00e7as Romenas - Bela B\u00e1rtok<\/a><\/li><li><a href='http:\/\/www.musicosalimonda.com.br\/wp-content\/uploads\/2014\/05\/15-La-Fille-Aux-Cheveux.mp3'>Prel\u00fadio para Piano - Claude Debussy<\/a><\/li><li><a href='http:\/\/www.musicosalimonda.com.br\/wp-content\/uploads\/2014\/05\/16-Prel\u00fadio_01.mp3'>3 Prel\u00fadios - George Gershwin <\/a><\/li>\t<\/ol>\n\t<\/noscript>\n\t<script type=\"application\/json\" class=\"wp-playlist-script\">{\"type\":\"audio\",\"tracklist\":true,\"tracknumbers\":true,\"images\":true,\"artists\":false,\"tracks\":[{\"src\":\"http:\\\/\\\/www.musicosalimonda.com.br\\\/wp-content\\\/uploads\\\/2014\\\/05\\\/01-Sonata-Opus-12.mp3\",\"type\":\"audio\\\/mpeg\",\"title\":\"Sonata n.1 Opus 12 - L.V.Beethoven\",\"caption\":\"\",\"description\":\"\\\"AudioTrack 01\\\" de no title por no artist. Faixa 1 de 16. G\\u00eanero: Unknown.\",\"meta\":{\"artist\":\"Altea Alimonda (violino) e Leopold Mittmann (piano)\",\"album\":\"Town Hall 23-12-1948\"},\"image\":{\"src\":\"http:\\\/\\\/www.musicosalimonda.com.br\\\/wp-content\\\/uploads\\\/2014\\\/05\\\/M_ALIMONDA-Promocional_16.jpg\",\"width\":533,\"height\":668},\"thumb\":{\"src\":\"http:\\\/\\\/www.musicosalimonda.com.br\\\/wp-content\\\/uploads\\\/2014\\\/05\\\/M_ALIMONDA-Promocional_16-150x150.jpg\",\"width\":150,\"height\":150}},{\"src\":\"http:\\\/\\\/www.musicosalimonda.com.br\\\/wp-content\\\/uploads\\\/2014\\\/05\\\/02-Allegro-Con-Brio.mp3\",\"type\":\"audio\\\/mpeg\",\"title\":\"Allegro Con Brio - L.V.Beethoven\",\"caption\":\"\",\"description\":\"\\\"AudioTrack 02\\\" de no title por no artist. Faixa 2 de 16. G\\u00eanero: Unknown.\",\"meta\":{\"artist\":\"Altea Alimonda (violino) e Leopold Mittmann (piano)\",\"album\":\"Town Hall 23-12-1948\"},\"image\":{\"src\":\"http:\\\/\\\/www.musicosalimonda.com.br\\\/wp-content\\\/uploads\\\/2014\\\/05\\\/M_ALIMONDA-Promocional_16.jpg\",\"width\":533,\"height\":668},\"thumb\":{\"src\":\"http:\\\/\\\/www.musicosalimonda.com.br\\\/wp-content\\\/uploads\\\/2014\\\/05\\\/M_ALIMONDA-Promocional_16-150x150.jpg\",\"width\":150,\"height\":150}},{\"src\":\"http:\\\/\\\/www.musicosalimonda.com.br\\\/wp-content\\\/uploads\\\/2014\\\/05\\\/03-Tema-Com-Varia\\u00e7\\u00f5es.mp3\",\"type\":\"audio\\\/mpeg\",\"title\":\"Tema Com Varia\\u00e7\\u00f5es Andante - L.V.Beethoven\",\"caption\":\"\",\"description\":\"\\\"AudioTrack 03\\\" de no title por no artist. Faixa 3 de 16. G\\u00eanero: Unknown.\",\"meta\":{\"artist\":\"Altea Alimonda (violino) e Leopold Mittmann (piano)\",\"album\":\"Town Hall 23-12-1948\"},\"image\":{\"src\":\"http:\\\/\\\/www.musicosalimonda.com.br\\\/wp-content\\\/uploads\\\/2014\\\/05\\\/M_ALIMONDA-Promocional_16.jpg\",\"width\":533,\"height\":668},\"thumb\":{\"src\":\"http:\\\/\\\/www.musicosalimonda.com.br\\\/wp-content\\\/uploads\\\/2014\\\/05\\\/M_ALIMONDA-Promocional_16-150x150.jpg\",\"width\":150,\"height\":150}},{\"src\":\"http:\\\/\\\/www.musicosalimonda.com.br\\\/wp-content\\\/uploads\\\/2014\\\/05\\\/04-Rond\\u00f2_01.mp3\",\"type\":\"audio\\\/mpeg\",\"title\":\"Tema Com Varia\\u00e7\\u00f5es Andante - L.V.Beethoven\",\"caption\":\"\",\"description\":\"\\\"AudioTrack 04\\\" de no title por no artist. Faixa 4 de 16. G\\u00eanero: Unknown.\",\"meta\":{\"artist\":\"Altea Alimonda (violino) e Leopold Mittmann (piano)\",\"album\":\"Town Hall 23-12-1948\"},\"image\":{\"src\":\"http:\\\/\\\/www.musicosalimonda.com.br\\\/wp-content\\\/uploads\\\/2014\\\/05\\\/M_ALIMONDA-Promocional_16.jpg\",\"width\":533,\"height\":668},\"thumb\":{\"src\":\"http:\\\/\\\/www.musicosalimonda.com.br\\\/wp-content\\\/uploads\\\/2014\\\/05\\\/M_ALIMONDA-Promocional_16-150x150.jpg\",\"width\":150,\"height\":150}},{\"src\":\"http:\\\/\\\/www.musicosalimonda.com.br\\\/wp-content\\\/uploads\\\/2014\\\/05\\\/05-Rond\\u00f2_02.mp3\",\"type\":\"audio\\\/mpeg\",\"title\":\"Tema Com Varia\\u00e7\\u00f5es Rond\\u00f2 -  L.V.Beethoven\",\"caption\":\"\",\"description\":\"\\\"AudioTrack 05\\\" de no title por no artist. Faixa 5 de 16. G\\u00eanero: Unknown.\",\"meta\":{\"artist\":\"Altea Alimonda (violino) e Leopold Mittmann (piano)\",\"album\":\"Town Hall 23-12-1948\"},\"image\":{\"src\":\"http:\\\/\\\/www.musicosalimonda.com.br\\\/wp-content\\\/uploads\\\/2014\\\/05\\\/M_ALIMONDA-Promocional_16.jpg\",\"width\":533,\"height\":668},\"thumb\":{\"src\":\"http:\\\/\\\/www.musicosalimonda.com.br\\\/wp-content\\\/uploads\\\/2014\\\/05\\\/M_ALIMONDA-Promocional_16-150x150.jpg\",\"width\":150,\"height\":150}},{\"src\":\"http:\\\/\\\/www.musicosalimonda.com.br\\\/wp-content\\\/uploads\\\/2014\\\/05\\\/06-Rond\\u00f2_03.mp3\",\"type\":\"audio\\\/mpeg\",\"title\":\"Tema Com Varia\\u00e7\\u00f5es Rond\\u00f2 -  L.V.Beethoven\",\"caption\":\"\",\"description\":\"\\\"AudioTrack 06\\\" de no title por no artist. Faixa 6 de 16. G\\u00eanero: Unknown.\",\"meta\":{\"artist\":\"Altea Alimonda (violino) e Leopold Mittmann (piano)\",\"album\":\"Town Hall 23-12-1948\"},\"image\":{\"src\":\"http:\\\/\\\/www.musicosalimonda.com.br\\\/wp-content\\\/uploads\\\/2014\\\/05\\\/M_ALIMONDA-Promocional_16.jpg\",\"width\":533,\"height\":668},\"thumb\":{\"src\":\"http:\\\/\\\/www.musicosalimonda.com.br\\\/wp-content\\\/uploads\\\/2014\\\/05\\\/M_ALIMONDA-Promocional_16-150x150.jpg\",\"width\":150,\"height\":150}},{\"src\":\"http:\\\/\\\/www.musicosalimonda.com.br\\\/wp-content\\\/uploads\\\/2014\\\/05\\\/07-Chaconne.mp3\",\"type\":\"audio\\\/mpeg\",\"title\":\"Chaconne - J.S.Bach\",\"caption\":\"\",\"description\":\"\\\"AudioTrack 07\\\" de no title por no artist. Faixa 7 de 16. G\\u00eanero: Unknown.\",\"meta\":{\"artist\":\"Altea Alimonda (violino) e Leopold Mittmann (piano)\",\"album\":\"Town Hall 23-12-1948\"},\"image\":{\"src\":\"http:\\\/\\\/www.musicosalimonda.com.br\\\/wp-content\\\/uploads\\\/2014\\\/05\\\/M_ALIMONDA-Promocional_16.jpg\",\"width\":533,\"height\":668},\"thumb\":{\"src\":\"http:\\\/\\\/www.musicosalimonda.com.br\\\/wp-content\\\/uploads\\\/2014\\\/05\\\/M_ALIMONDA-Promocional_16-150x150.jpg\",\"width\":150,\"height\":150}},{\"src\":\"http:\\\/\\\/www.musicosalimonda.com.br\\\/wp-content\\\/uploads\\\/2014\\\/05\\\/08-Sonata_01.mp3\",\"type\":\"audio\\\/mpeg\",\"title\":\"Sonata - Claude Debussy\",\"caption\":\"\",\"description\":\"\\\"AudioTrack 08\\\" de no title por no artist. Faixa 8 de 16. G\\u00eanero: Unknown.\",\"meta\":{\"artist\":\"Altea Alimonda (violino) e Leopold Mittmann (piano)\",\"album\":\"Town Hall 23-12-1948\"},\"image\":{\"src\":\"http:\\\/\\\/www.musicosalimonda.com.br\\\/wp-content\\\/uploads\\\/2014\\\/05\\\/M_ALIMONDA-Promocional_16.jpg\",\"width\":533,\"height\":668},\"thumb\":{\"src\":\"http:\\\/\\\/www.musicosalimonda.com.br\\\/wp-content\\\/uploads\\\/2014\\\/05\\\/M_ALIMONDA-Promocional_16-150x150.jpg\",\"width\":150,\"height\":150}},{\"src\":\"http:\\\/\\\/www.musicosalimonda.com.br\\\/wp-content\\\/uploads\\\/2014\\\/05\\\/09-Sonata_02.mp3\",\"type\":\"audio\\\/mpeg\",\"title\":\"Sonata - Claude Debussy\",\"caption\":\"\",\"description\":\"\\\"AudioTrack 09\\\" de no title por no artist. Faixa 9 de 16. G\\u00eanero: Unknown.\",\"meta\":{\"artist\":\"Altea Alimonda (violino) e Leopold Mittmann (piano)\",\"album\":\"Town Hall 23-12-1948\"},\"image\":{\"src\":\"http:\\\/\\\/www.musicosalimonda.com.br\\\/wp-content\\\/uploads\\\/2014\\\/05\\\/M_ALIMONDA-Promocional_16.jpg\",\"width\":533,\"height\":668},\"thumb\":{\"src\":\"http:\\\/\\\/www.musicosalimonda.com.br\\\/wp-content\\\/uploads\\\/2014\\\/05\\\/M_ALIMONDA-Promocional_16-150x150.jpg\",\"width\":150,\"height\":150}},{\"src\":\"http:\\\/\\\/www.musicosalimonda.com.br\\\/wp-content\\\/uploads\\\/2014\\\/05\\\/10-Sonata_03.mp3\",\"type\":\"audio\\\/mpeg\",\"title\":\"Sonata - Claude Debussy\",\"caption\":\"\",\"description\":\"\\\"AudioTrack 10\\\" de no title por no artist. Faixa 10 de 16. G\\u00eanero: Unknown.\",\"meta\":{\"artist\":\"Altea Alimonda (violino) e Leopold Mittmann (piano)\",\"album\":\"Town Hall 23-12-1948\"},\"image\":{\"src\":\"http:\\\/\\\/www.musicosalimonda.com.br\\\/wp-content\\\/uploads\\\/2014\\\/05\\\/M_ALIMONDA-Promocional_16.jpg\",\"width\":533,\"height\":668},\"thumb\":{\"src\":\"http:\\\/\\\/www.musicosalimonda.com.br\\\/wp-content\\\/uploads\\\/2014\\\/05\\\/M_ALIMONDA-Promocional_16-150x150.jpg\",\"width\":150,\"height\":150}},{\"src\":\"http:\\\/\\\/www.musicosalimonda.com.br\\\/wp-content\\\/uploads\\\/2014\\\/05\\\/11-Fantasia.mp3\",\"type\":\"audio\\\/mpeg\",\"title\":\"Fantasia - Heitor Villa-Lobos\",\"caption\":\"\",\"description\":\"\\\"AudioTrack 11\\\" de no title por no artist. Faixa 11 de 16. G\\u00eanero: Unknown.\",\"meta\":{\"artist\":\"Altea Alimonda (violino) e Leopold Mittmann (piano)\",\"album\":\"Town Hall 23-12-1948\"},\"image\":{\"src\":\"http:\\\/\\\/www.musicosalimonda.com.br\\\/wp-content\\\/uploads\\\/2014\\\/05\\\/M_ALIMONDA-Promocional_16.jpg\",\"width\":533,\"height\":668},\"thumb\":{\"src\":\"http:\\\/\\\/www.musicosalimonda.com.br\\\/wp-content\\\/uploads\\\/2014\\\/05\\\/M_ALIMONDA-Promocional_16-150x150.jpg\",\"width\":150,\"height\":150}},{\"src\":\"http:\\\/\\\/www.musicosalimonda.com.br\\\/wp-content\\\/uploads\\\/2014\\\/05\\\/12-Lorenzo-Fernandes.mp3\",\"type\":\"audio\\\/mpeg\",\"title\":\"Romance - Lorenzo Fernandes\",\"caption\":\"\",\"description\":\"\\\"AudioTrack 12\\\" de no title por no artist. Faixa 12 de 16. G\\u00eanero: Unknown.\",\"meta\":{\"artist\":\"Altea Alimonda (violino) e Leopold Mittmann (piano)\",\"album\":\"Town Hall 23-12-1948\"},\"image\":{\"src\":\"http:\\\/\\\/www.musicosalimonda.com.br\\\/wp-content\\\/uploads\\\/2014\\\/05\\\/M_ALIMONDA-Promocional_16.jpg\",\"width\":533,\"height\":668},\"thumb\":{\"src\":\"http:\\\/\\\/www.musicosalimonda.com.br\\\/wp-content\\\/uploads\\\/2014\\\/05\\\/M_ALIMONDA-Promocional_16-150x150.jpg\",\"width\":150,\"height\":150}},{\"src\":\"http:\\\/\\\/www.musicosalimonda.com.br\\\/wp-content\\\/uploads\\\/2014\\\/05\\\/13-Rumanian.mp3\",\"type\":\"audio\\\/mpeg\",\"title\":\"Dan\\u00e7as Romenas - Bela B\\u00e1rtok\",\"caption\":\"\",\"description\":\"\\\"AudioTrack 13\\\" de no title por no artist. Faixa 13 de 16. G\\u00eanero: Unknown.\",\"meta\":{\"artist\":\"Altea Alimonda (violino) e Leopold Mittmann (piano)\",\"album\":\"Town Hall 23-12-1948\"},\"image\":{\"src\":\"http:\\\/\\\/www.musicosalimonda.com.br\\\/wp-content\\\/uploads\\\/2014\\\/05\\\/M_ALIMONDA-Promocional_16.jpg\",\"width\":533,\"height\":668},\"thumb\":{\"src\":\"http:\\\/\\\/www.musicosalimonda.com.br\\\/wp-content\\\/uploads\\\/2014\\\/05\\\/M_ALIMONDA-Promocional_16-150x150.jpg\",\"width\":150,\"height\":150}},{\"src\":\"http:\\\/\\\/www.musicosalimonda.com.br\\\/wp-content\\\/uploads\\\/2014\\\/05\\\/14-Bartok_02.mp3\",\"type\":\"audio\\\/mpeg\",\"title\":\"Dan\\u00e7as Romenas - Bela B\\u00e1rtok\",\"caption\":\"\",\"description\":\"\\\"AudioTrack 14\\\" de no title por no artist. Faixa 14 de 16. G\\u00eanero: Unknown.\",\"meta\":{\"artist\":\"Altea Alimonda (violino) e Leopold Mittmann (piano)\",\"album\":\"Town Hall 23-12-1948\"},\"image\":{\"src\":\"http:\\\/\\\/www.musicosalimonda.com.br\\\/wp-content\\\/uploads\\\/2014\\\/05\\\/M_ALIMONDA-Promocional_16.jpg\",\"width\":533,\"height\":668},\"thumb\":{\"src\":\"http:\\\/\\\/www.musicosalimonda.com.br\\\/wp-content\\\/uploads\\\/2014\\\/05\\\/M_ALIMONDA-Promocional_16-150x150.jpg\",\"width\":150,\"height\":150}},{\"src\":\"http:\\\/\\\/www.musicosalimonda.com.br\\\/wp-content\\\/uploads\\\/2014\\\/05\\\/15-La-Fille-Aux-Cheveux.mp3\",\"type\":\"audio\\\/mpeg\",\"title\":\"Prel\\u00fadio para Piano - Claude Debussy\",\"caption\":\"\",\"description\":\"\\\"AudioTrack 15\\\" de no title por no artist. Faixa 15 de 16. G\\u00eanero: Unknown.\",\"meta\":{\"artist\":\"Altea Alimonda (violino) e Leopold Mittmann (piano)\",\"album\":\"Town Hall 23-12-1948\"},\"image\":{\"src\":\"http:\\\/\\\/www.musicosalimonda.com.br\\\/wp-content\\\/uploads\\\/2014\\\/05\\\/M_ALIMONDA-Promocional_16.jpg\",\"width\":533,\"height\":668},\"thumb\":{\"src\":\"http:\\\/\\\/www.musicosalimonda.com.br\\\/wp-content\\\/uploads\\\/2014\\\/05\\\/M_ALIMONDA-Promocional_16-150x150.jpg\",\"width\":150,\"height\":150}},{\"src\":\"http:\\\/\\\/www.musicosalimonda.com.br\\\/wp-content\\\/uploads\\\/2014\\\/05\\\/16-Prel\\u00fadio_01.mp3\",\"type\":\"audio\\\/mpeg\",\"title\":\"3 Prel\\u00fadios - George Gershwin \",\"caption\":\"\",\"description\":\"\\\"AudioTrack 16\\\" de no title por no artist. Faixa 16 de 16. G\\u00eanero: Unknown.\",\"meta\":{\"artist\":\"Altea Alimonda (violino) e Leopold Mittmann (piano)\",\"album\":\"Town Hall 23-12-1948\"},\"image\":{\"src\":\"http:\\\/\\\/www.musicosalimonda.com.br\\\/wp-content\\\/uploads\\\/2014\\\/05\\\/M_ALIMONDA-Promocional_16.jpg\",\"width\":533,\"height\":668},\"thumb\":{\"src\":\"http:\\\/\\\/www.musicosalimonda.com.br\\\/wp-content\\\/uploads\\\/2014\\\/05\\\/M_ALIMONDA-Promocional_16-150x150.jpg\",\"width\":150,\"height\":150}}]}<\/script>\n<\/div>\n\t\n","protected":false},"excerpt":{"rendered":"","protected":false},"author":1,"featured_media":0,"parent":15,"menu_order":0,"comment_status":"closed","ping_status":"closed","template":"","meta":[],"_links":{"self":[{"href":"http:\/\/www.musicosalimonda.com.br\/index.php?rest_route=\/wp\/v2\/pages\/320"}],"collection":[{"href":"http:\/\/www.musicosalimonda.com.br\/index.php?rest_route=\/wp\/v2\/pages"}],"about":[{"href":"http:\/\/www.musicosalimonda.com.br\/index.php?rest_route=\/wp\/v2\/types\/page"}],"author":[{"embeddable":true,"href":"http:\/\/www.musicosalimonda.com.br\/index.php?rest_route=\/wp\/v2\/users\/1"}],"replies":[{"embeddable":true,"href":"http:\/\/www.musicosalimonda.com.br\/index.php?rest_route=%2Fwp%2Fv2%2Fcomments&post=320"}],"version-history":[{"count":6,"href":"http:\/\/www.musicosalimonda.com.br\/index.php?rest_route=\/wp\/v2\/pages\/320\/revisions"}],"predecessor-version":[{"id":798,"href":"http:\/\/www.musicosalimonda.com.br\/index.php?rest_route=\/wp\/v2\/pages\/320\/revisions\/798"}],"up":[{"embeddable":true,"href":"http:\/\/www.musicosalimonda.com.br\/index.php?rest_route=\/wp\/v2\/pages\/15"}],"wp:attachment":[{"href":"http:\/\/www.musicosalimonda.com.br\/index.php?rest_route=%2Fwp%2Fv2%2Fmedia&parent=320"}],"curies":[{"name":"wp","href":"https:\/\/api.w.org\/{rel}","templated":true}]}}