{"id":2,"date":"2014-01-31T11:25:01","date_gmt":"2014-01-31T11:25:01","guid":{"rendered":"http:\/\/www.musicosalimonda.com.br\/?page_id=2"},"modified":"2014-09-12T13:10:26","modified_gmt":"2014-09-12T13:10:26","slug":"pagina-exemplo","status":"publish","type":"page","link":"http:\/\/www.musicosalimonda.com.br\/","title":{"rendered":"M\u00daSICOS ALIMONDA"},"content":{"rendered":"<blockquote>\n<h2>Este website \u00e9 dedicado aos m\u00fasicos irm\u00e3os Alimonda. Ada, Lydia, Altea e Heitor<\/h2>\n<\/blockquote>\n<p>&nbsp;<\/p>\n<div id='gallery-1' class='gallery galleryid-2 gallery-columns-4 gallery-size-thumbnail'><dl class='gallery-item'>\n\t\t\t<dt class='gallery-icon portrait'>\n\t\t\t\t<img width=\"150\" height=\"150\" src=\"http:\/\/www.musicosalimonda.com.br\/wp-content\/uploads\/2014\/08\/ada-150x150.jpg\" class=\"attachment-thumbnail size-thumbnail\" alt=\"\" decoding=\"async\" loading=\"lazy\" aria-describedby=\"gallery-1-750\" \/>\n\t\t\t<\/dt>\n\t\t\t\t<dd class='wp-caption-text gallery-caption' id='gallery-1-750'>\n\t\t\t\tAda Alimonda\n\t\t\t\t<\/dd><\/dl><dl class='gallery-item'>\n\t\t\t<dt class='gallery-icon portrait'>\n\t\t\t\t<img width=\"150\" height=\"150\" src=\"http:\/\/www.musicosalimonda.com.br\/wp-content\/uploads\/2014\/05\/lydia2-150x150.jpg\" class=\"attachment-thumbnail size-thumbnail\" alt=\"\" decoding=\"async\" loading=\"lazy\" aria-describedby=\"gallery-1-696\" \/>\n\t\t\t<\/dt>\n\t\t\t\t<dd class='wp-caption-text gallery-caption' id='gallery-1-696'>\n\t\t\t\tLydia Alimonda\n\t\t\t\t<\/dd><\/dl><dl class='gallery-item'>\n\t\t\t<dt class='gallery-icon portrait'>\n\t\t\t\t<img width=\"150\" height=\"150\" src=\"http:\/\/www.musicosalimonda.com.br\/wp-content\/uploads\/2014\/01\/ALIMONDA-Promocional_09-150x150.jpeg\" class=\"attachment-thumbnail size-thumbnail\" alt=\"\" decoding=\"async\" loading=\"lazy\" aria-describedby=\"gallery-1-397\" \/>\n\t\t\t<\/dt>\n\t\t\t\t<dd class='wp-caption-text gallery-caption' id='gallery-1-397'>\n\t\t\t\tAltea Alimonda\n\t\t\t\t<\/dd><\/dl><dl class='gallery-item'>\n\t\t\t<dt class='gallery-icon portrait'>\n\t\t\t\t<img width=\"148\" height=\"150\" src=\"http:\/\/www.musicosalimonda.com.br\/wp-content\/uploads\/2014\/08\/123_alimonda-148x150.jpg\" class=\"attachment-thumbnail size-thumbnail\" alt=\"\" decoding=\"async\" loading=\"lazy\" aria-describedby=\"gallery-1-598\" \/>\n\t\t\t<\/dt>\n\t\t\t\t<dd class='wp-caption-text gallery-caption' id='gallery-1-598'>\n\t\t\t\tHeitor Alimonda\n\t\t\t\t<\/dd><\/dl><br style=\"clear: both\" \/>\n\t\t<\/div>\n\n<p>&nbsp;<\/p>\n<p>&nbsp;<\/p>\n<div id=\"attachment_404\" style=\"width: 1034px\" class=\"wp-caption alignnone\"><img aria-describedby=\"caption-attachment-404\" decoding=\"async\" loading=\"lazy\" class=\"wp-image-404 size-large\" src=\"http:\/\/www.musicosalimonda.com.br\/wp-content\/uploads\/2014\/01\/ALIMONDA-Heitor_Lydia_Ada_Altea-1024x753.jpeg\" alt=\"Heitor_Lydia_Ada_Altea\" width=\"1024\" height=\"753\" srcset=\"http:\/\/www.musicosalimonda.com.br\/wp-content\/uploads\/2014\/01\/ALIMONDA-Heitor_Lydia_Ada_Altea-1024x753.jpeg 1024w, http:\/\/www.musicosalimonda.com.br\/wp-content\/uploads\/2014\/01\/ALIMONDA-Heitor_Lydia_Ada_Altea-300x220.jpeg 300w\" sizes=\"(max-width: 1024px) 100vw, 1024px\" \/><p id=\"caption-attachment-404\" class=\"wp-caption-text\">Heitor, Lydia, Ada e Altea<\/p><\/div>\n<p>&nbsp;<\/p>\n<p>&nbsp;<\/p>\n","protected":false},"excerpt":{"rendered":"<p>Este website \u00e9 dedicado aos m\u00fasicos irm\u00e3os Alimonda. Ada, Lydia, Altea e Heitor &nbsp; &nbsp; &nbsp; &nbsp; &nbsp;<\/p>\n","protected":false},"author":1,"featured_media":0,"parent":0,"menu_order":0,"comment_status":"closed","ping_status":"closed","template":"","meta":[],"_links":{"self":[{"href":"http:\/\/www.musicosalimonda.com.br\/index.php?rest_route=\/wp\/v2\/pages\/2"}],"collection":[{"href":"http:\/\/www.musicosalimonda.com.br\/index.php?rest_route=\/wp\/v2\/pages"}],"about":[{"href":"http:\/\/www.musicosalimonda.com.br\/index.php?rest_route=\/wp\/v2\/types\/page"}],"author":[{"embeddable":true,"href":"http:\/\/www.musicosalimonda.com.br\/index.php?rest_route=\/wp\/v2\/users\/1"}],"replies":[{"embeddable":true,"href":"http:\/\/www.musicosalimonda.com.br\/index.php?rest_route=%2Fwp%2Fv2%2Fcomments&post=2"}],"version-history":[{"count":22,"href":"http:\/\/www.musicosalimonda.com.br\/index.php?rest_route=\/wp\/v2\/pages\/2\/revisions"}],"predecessor-version":[{"id":818,"href":"http:\/\/www.musicosalimonda.com.br\/index.php?rest_route=\/wp\/v2\/pages\/2\/revisions\/818"}],"wp:attachment":[{"href":"http:\/\/www.musicosalimonda.com.br\/index.php?rest_route=%2Fwp%2Fv2%2Fmedia&parent=2"}],"curies":[{"name":"wp","href":"https:\/\/api.w.org\/{rel}","templated":true}]}}